{"id":189,"date":"2020-02-23T22:24:46","date_gmt":"2020-02-23T21:24:46","guid":{"rendered":"http:\/\/dufeemains.be\/?page_id=189"},"modified":"2021-07-27T11:43:30","modified_gmt":"2021-07-27T09:43:30","slug":"stages-enfants","status":"publish","type":"page","link":"https:\/\/dufeemains.be\/?page_id=189","title":{"rendered":"Stages enfants"},"content":{"rendered":"\n<p>Durant les vacances scolaires, de 9  heures \u00e0 16 heures, Du F\u00e9e mains propose des stages pour enfants de 5 \u00e0 12 ans.  A chaque journ\u00e9e, un th\u00e8me et une technique diff\u00e9rente.<\/p>\n\n\n\n<p> Par petits groupes de 7 enfants maximum, nous exploiterons la cr\u00e9ativit\u00e9 sous deux p\u00f4les :  le matin,  l&#8217;artisanat et l&#8217;apr\u00e8s-midi, la cuisine.   <\/p>\n\n\n\n<div class=\"wp-block-group\"><div class=\"wp-block-group__inner-container\">\n<figure class=\"wp-block-gallery aligncenter columns-3 is-cropped\"><ul class=\"blocks-gallery-grid\"><li class=\"blocks-gallery-item\"><figure><img loading=\"lazy\" width=\"251\" height=\"155\" src=\"http:\/\/dufeemains.be\/wp-content\/uploads\/2020\/04\/pinceau.jpg\" alt=\"\" data-id=\"1096\" class=\"wp-image-1096\"\/><\/figure><\/li><li class=\"blocks-gallery-item\"><figure><img loading=\"lazy\" width=\"205\" height=\"246\" src=\"http:\/\/dufeemains.be\/wp-content\/uploads\/2020\/04\/cr\u00e9ativit\u00e9.jpg\" alt=\"\" data-id=\"1100\" data-full-url=\"http:\/\/dufeemains.be\/wp-content\/uploads\/2020\/04\/cr\u00e9ativit\u00e9.jpg\" data-link=\"http:\/\/dufeemains.be\/?attachment_id=1100\" class=\"wp-image-1100\"\/><\/figure><\/li><li class=\"blocks-gallery-item\"><figure><img loading=\"lazy\" width=\"922\" height=\"1024\" src=\"http:\/\/dufeemains.be\/wp-content\/uploads\/2020\/04\/Les_Enfants_Cuisinent_-922x1024.jpg\" alt=\"\" data-id=\"1097\" data-link=\"http:\/\/dufeemains.be\/?attachment_id=1097\" class=\"wp-image-1097\" srcset=\"https:\/\/dufeemains.be\/wp-content\/uploads\/2020\/04\/Les_Enfants_Cuisinent_-922x1024.jpg 922w, https:\/\/dufeemains.be\/wp-content\/uploads\/2020\/04\/Les_Enfants_Cuisinent_-270x300.jpg 270w, https:\/\/dufeemains.be\/wp-content\/uploads\/2020\/04\/Les_Enfants_Cuisinent_-768x853.jpg 768w, https:\/\/dufeemains.be\/wp-content\/uploads\/2020\/04\/Les_Enfants_Cuisinent_-1382x1536.jpg 1382w, https:\/\/dufeemains.be\/wp-content\/uploads\/2020\/04\/Les_Enfants_Cuisinent_-1843x2048.jpg 1843w, https:\/\/dufeemains.be\/wp-content\/uploads\/2020\/04\/Les_Enfants_Cuisinent_-350x389.jpg 350w\" sizes=\"(max-width: 767px) 89vw, (max-width: 1000px) 54vw, (max-width: 1071px) 543px, 580px\" \/><\/figure><\/li><\/ul><\/figure>\n<\/div><\/div>\n\n\n\n<p><\/p>\n\n\n\n<p>Durant le temps de midi, j&#8217;aime proposer, sur le ravel tout proche, des jeux psychomoteurs \u00e0 l&#8217;ext\u00e9rieur.  Cela permet la collaboration et les jeux d&#8217;\u00e9quipe.<\/p>\n\n\n\n<p>Si je suis l\u00e0 pour leur apprendre quelques techniques cr\u00e9atives, les enfants sont les uniques cr\u00e9ateurs.  J&#8217;ai fait le choix de ne jamais faire \u00e0 leur place, mais les accompagner \u00e0 se d\u00e9passer pour \u00eatre fiers de leur cr\u00e9ation.<\/p>\n\n\n\n<p>L&#8217;apr\u00e8s-midi, les jeunes artistes deviendront des petits chefs en herbe.  Nous r\u00e9aliserons ensemble une recette de p\u00e2tisserie avec une recette adapt\u00e9e avec des pictogrammes pour que les plus petits sachent aussi la r\u00e9aliser \u00e0 la maison.<\/p>\n\n\n\n<p>Les enfants retourneront fin de journ\u00e9e avec leurs cr\u00e9ation artistique et culinaire.<\/p>\n\n\n\n<p><\/p>\n\n\n\n<p class=\"has-very-light-gray-color has-luminous-vivid-orange-background-color has-text-color has-background has-medium-font-size\"><strong>Prix de la journ\u00e9e de stage : 35\u20ac, mat\u00e9riel compris.                                   Pour deux enfants de la m\u00eame famille, 30\u20ac\/enfant.<\/strong><\/p>\n\n\n\n<p>Quelques r\u00e9alisations des stages pr\u00e9c\u00e9dents&#8230;<\/p>\n\n\n\n<figure class=\"wp-block-gallery columns-3 is-cropped\"><ul class=\"blocks-gallery-grid\"><li class=\"blocks-gallery-item\"><figure><img loading=\"lazy\" width=\"1024\" height=\"768\" src=\"http:\/\/dufeemains.be\/wp-content\/uploads\/2020\/04\/stage-avril-2018-12-1024x768.jpg\" alt=\"\" data-id=\"1086\" data-link=\"http:\/\/dufeemains.be\/?attachment_id=1086\" class=\"wp-image-1086\" srcset=\"https:\/\/dufeemains.be\/wp-content\/uploads\/2020\/04\/stage-avril-2018-12-1024x768.jpg 1024w, https:\/\/dufeemains.be\/wp-content\/uploads\/2020\/04\/stage-avril-2018-12-300x225.jpg 300w, https:\/\/dufeemains.be\/wp-content\/uploads\/2020\/04\/stage-avril-2018-12-768x576.jpg 768w, https:\/\/dufeemains.be\/wp-content\/uploads\/2020\/04\/stage-avril-2018-12-1536x1152.jpg 1536w, https:\/\/dufeemains.be\/wp-content\/uploads\/2020\/04\/stage-avril-2018-12-2048x1536.jpg 2048w, https:\/\/dufeemains.be\/wp-content\/uploads\/2020\/04\/stage-avril-2018-12-350x263.jpg 350w\" sizes=\"(max-width: 767px) 89vw, (max-width: 1000px) 54vw, (max-width: 1071px) 543px, 580px\" \/><figcaption class=\"blocks-gallery-item__caption\">Peinture sur cailloux<\/figcaption><\/figure><\/li><li class=\"blocks-gallery-item\"><figure><img loading=\"lazy\" width=\"1024\" height=\"768\" src=\"http:\/\/dufeemains.be\/wp-content\/uploads\/2020\/04\/stage-avril-2018-24-1024x768.jpg\" alt=\"\" data-id=\"1087\" data-link=\"http:\/\/dufeemains.be\/?attachment_id=1087\" class=\"wp-image-1087\" srcset=\"https:\/\/dufeemains.be\/wp-content\/uploads\/2020\/04\/stage-avril-2018-24-1024x768.jpg 1024w, https:\/\/dufeemains.be\/wp-content\/uploads\/2020\/04\/stage-avril-2018-24-300x225.jpg 300w, https:\/\/dufeemains.be\/wp-content\/uploads\/2020\/04\/stage-avril-2018-24-768x576.jpg 768w, https:\/\/dufeemains.be\/wp-content\/uploads\/2020\/04\/stage-avril-2018-24-1536x1152.jpg 1536w, https:\/\/dufeemains.be\/wp-content\/uploads\/2020\/04\/stage-avril-2018-24-2048x1536.jpg 2048w, https:\/\/dufeemains.be\/wp-content\/uploads\/2020\/04\/stage-avril-2018-24-350x263.jpg 350w\" sizes=\"(max-width: 767px) 89vw, (max-width: 1000px) 54vw, (max-width: 1071px) 543px, 580px\" \/><figcaption class=\"blocks-gallery-item__caption\">Peinture sur plexis<\/figcaption><\/figure><\/li><li class=\"blocks-gallery-item\"><figure><img loading=\"lazy\" width=\"1024\" height=\"768\" src=\"http:\/\/dufeemains.be\/wp-content\/uploads\/2020\/04\/stage-du-f\u00e9e-mains-1-avril-23-1024x768.jpg\" alt=\"\" data-id=\"1088\" data-link=\"http:\/\/dufeemains.be\/?attachment_id=1088\" class=\"wp-image-1088\" srcset=\"https:\/\/dufeemains.be\/wp-content\/uploads\/2020\/04\/stage-du-f\u00e9e-mains-1-avril-23-1024x768.jpg 1024w, https:\/\/dufeemains.be\/wp-content\/uploads\/2020\/04\/stage-du-f\u00e9e-mains-1-avril-23-300x225.jpg 300w, https:\/\/dufeemains.be\/wp-content\/uploads\/2020\/04\/stage-du-f\u00e9e-mains-1-avril-23-768x576.jpg 768w, https:\/\/dufeemains.be\/wp-content\/uploads\/2020\/04\/stage-du-f\u00e9e-mains-1-avril-23-1536x1152.jpg 1536w, https:\/\/dufeemains.be\/wp-content\/uploads\/2020\/04\/stage-du-f\u00e9e-mains-1-avril-23-2048x1536.jpg 2048w, https:\/\/dufeemains.be\/wp-content\/uploads\/2020\/04\/stage-du-f\u00e9e-mains-1-avril-23-350x263.jpg 350w\" sizes=\"(max-width: 767px) 89vw, (max-width: 1000px) 54vw, (max-width: 1071px) 543px, 580px\" \/><figcaption class=\"blocks-gallery-item__caption\">Chenille porte-cartes<\/figcaption><\/figure><\/li><li class=\"blocks-gallery-item\"><figure><img loading=\"lazy\" width=\"1024\" height=\"768\" src=\"http:\/\/dufeemains.be\/wp-content\/uploads\/2020\/04\/P1120221-1024x768.jpg\" alt=\"\" data-id=\"1089\" data-link=\"http:\/\/dufeemains.be\/?attachment_id=1089\" class=\"wp-image-1089\" srcset=\"https:\/\/dufeemains.be\/wp-content\/uploads\/2020\/04\/P1120221-1024x768.jpg 1024w, https:\/\/dufeemains.be\/wp-content\/uploads\/2020\/04\/P1120221-300x225.jpg 300w, https:\/\/dufeemains.be\/wp-content\/uploads\/2020\/04\/P1120221-768x576.jpg 768w, https:\/\/dufeemains.be\/wp-content\/uploads\/2020\/04\/P1120221-1536x1152.jpg 1536w, https:\/\/dufeemains.be\/wp-content\/uploads\/2020\/04\/P1120221-2048x1536.jpg 2048w, https:\/\/dufeemains.be\/wp-content\/uploads\/2020\/04\/P1120221-350x263.jpg 350w\" sizes=\"(max-width: 767px) 89vw, (max-width: 1000px) 54vw, (max-width: 1071px) 543px, 580px\" \/><figcaption class=\"blocks-gallery-item__caption\">Bo\u00eete \u00e0 tr\u00e9sors<\/figcaption><\/figure><\/li><li class=\"blocks-gallery-item\"><figure><img loading=\"lazy\" width=\"184\" height=\"200\" src=\"http:\/\/dufeemains.be\/wp-content\/uploads\/2020\/04\/b\u00e2ton-de-pluie1.jpg\" alt=\"\" data-id=\"1090\" data-full-url=\"http:\/\/dufeemains.be\/wp-content\/uploads\/2020\/04\/b\u00e2ton-de-pluie1.jpg\" data-link=\"http:\/\/dufeemains.be\/?attachment_id=1090\" class=\"wp-image-1090\"\/><figcaption class=\"blocks-gallery-item__caption\">B\u00e2ton de pluie<\/figcaption><\/figure><\/li><li class=\"blocks-gallery-item\"><figure><img loading=\"lazy\" width=\"600\" height=\"450\" src=\"http:\/\/dufeemains.be\/wp-content\/uploads\/2020\/04\/memo-pinces-rose.jpg\" alt=\"\" data-id=\"1091\" data-full-url=\"http:\/\/dufeemains.be\/wp-content\/uploads\/2020\/04\/memo-pinces-rose.jpg\" data-link=\"http:\/\/dufeemains.be\/?attachment_id=1091\" class=\"wp-image-1091\" srcset=\"https:\/\/dufeemains.be\/wp-content\/uploads\/2020\/04\/memo-pinces-rose.jpg 600w, https:\/\/dufeemains.be\/wp-content\/uploads\/2020\/04\/memo-pinces-rose-300x225.jpg 300w, https:\/\/dufeemains.be\/wp-content\/uploads\/2020\/04\/memo-pinces-rose-350x263.jpg 350w\" sizes=\"(max-width: 600px) 100vw, 600px\" \/><figcaption class=\"blocks-gallery-item__caption\">Cadre m\u00e9mo<\/figcaption><\/figure><\/li><\/ul><\/figure>\n\n\n\n<p><\/p>\n","protected":false},"excerpt":{"rendered":"<p>Durant les vacances scolaires, de 9 heures \u00e0 16 heures, Du F\u00e9e mains propose des stages pour enfants de 5 \u00e0 12 ans. A chaque journ\u00e9e, un th\u00e8me et une &hellip; <\/p>\n<p class=\"link-more\"><a href=\"https:\/\/dufeemains.be\/?page_id=189\" class=\"more-link\">Continue reading<span class=\"screen-reader-text\"> &#8220;Stages enfants&#8221;<\/span><\/a><\/p>\n","protected":false},"author":1,"featured_media":0,"parent":0,"menu_order":0,"comment_status":"closed","ping_status":"closed","template":"","meta":[],"_links":{"self":[{"href":"https:\/\/dufeemains.be\/index.php?rest_route=\/wp\/v2\/pages\/189"}],"collection":[{"href":"https:\/\/dufeemains.be\/index.php?rest_route=\/wp\/v2\/pages"}],"about":[{"href":"https:\/\/dufeemains.be\/index.php?rest_route=\/wp\/v2\/types\/page"}],"author":[{"embeddable":true,"href":"https:\/\/dufeemains.be\/index.php?rest_route=\/wp\/v2\/users\/1"}],"replies":[{"embeddable":true,"href":"https:\/\/dufeemains.be\/index.php?rest_route=%2Fwp%2Fv2%2Fcomments&post=189"}],"version-history":[{"count":8,"href":"https:\/\/dufeemains.be\/index.php?rest_route=\/wp\/v2\/pages\/189\/revisions"}],"predecessor-version":[{"id":1191,"href":"https:\/\/dufeemains.be\/index.php?rest_route=\/wp\/v2\/pages\/189\/revisions\/1191"}],"wp:attachment":[{"href":"https:\/\/dufeemains.be\/index.php?rest_route=%2Fwp%2Fv2%2Fmedia&parent=189"}],"curies":[{"name":"wp","href":"https:\/\/api.w.org\/{rel}","templated":true}]}}