{"id":186,"date":"2020-02-23T22:24:46","date_gmt":"2020-02-23T21:24:46","guid":{"rendered":"http:\/\/dufeemains.be\/?page_id=186"},"modified":"2020-05-26T18:27:53","modified_gmt":"2020-05-26T16:27:53","slug":"reiki","status":"publish","type":"page","link":"https:\/\/dufeemains.be\/?page_id=186","title":{"rendered":"Reiki, \u00e9nergie universelle"},"content":{"rendered":"\n<div class=\"wp-block-media-text alignwide\" style=\"grid-template-columns:46% auto\"><figure class=\"wp-block-media-text__media\"><img loading=\"lazy\" width=\"199\" height=\"228\" src=\"http:\/\/dufeemains.be\/wp-content\/uploads\/2020\/02\/mikao-usui2.jpg\" alt=\"\" class=\"wp-image-719\"\/><\/figure><div class=\"wp-block-media-text__content\">\n<p class=\"has-normal-font-size\"> M\u00eame si on impose les mains depuis l&#8217;Antiquit\u00e9, le Reiki Usui est n\u00e9 au Japon dans les ann\u00e9es 1900 et a \u00e9t\u00e9 transmis par Mikao Usui<\/p>\n<\/div><\/div>\n\n\n\n<p>Par le biais de l&#8217;\u00e9nergie universelle, <strong>l<a href=\"http:\/\/dufeemains.be\/?page_id=688\">e Reiki<\/a><\/strong> est une activation \u00e9nerg\u00e9tique par imposition des mains.  En posant ses mains sur certains points \u00e9nerg\u00e9tiques du corps (les chakras qui sont en lien avec les organes et les glandes), le praticien r\u00e9active, lors du soin, le processus \u00e9nerg\u00e9tique de la personne.  <\/p>\n\n\n\n<p>Le praticien Reiki n&#8217;est ni magn\u00e9tiseur ni gu\u00e9risseur.  Il est canal d&#8217;\u00e9nergie pour aider la personne \u00e0 se reconnecter \u00e0 son propre potentiel d&#8217;\u00e9nergie vitale qui est constamment pr\u00e9sent dans le corps.  Il utilise \u00e9galement des symboles qui renforcent le travail effectu\u00e9 durant le soin.<\/p>\n\n\n\n<p>Le Reiki agit de fa\u00e7on holistique : <\/p>\n\n\n\n<ul><li>Il apporte du soulagement au niveau du stress mental et \u00e9motionnel et de l&#8217;anxi\u00e9t\u00e9<\/li><li>Il permet un bien \u00eatre g\u00e9n\u00e9ral <\/li><li>Il relaxe le corps et soulage des maux divers<\/li><li>Il lib\u00e8re les \u00e9motions<\/li><li>Il renforce le processus d&#8217;auto gu\u00e9rison et le syst\u00e8me immunitaire<\/li><li>Il favorise la cr\u00e9ativit\u00e9 et accro\u00eet la confiance en soi.<\/li><\/ul>\n\n\n\n<p> Le Reiki active, harmonise, \u00e9quilibre et renforce l\u2019\u00e9nergie vitale .  Il permet \u00e0 la personne qui re\u00e7oit de donner un sens \u00e0 ce qu&#8217;elle vit en r\u00e9\u00e9quilibrant l&#8217;espace mental et l&#8217;espace du c\u0153ur.<\/p>\n\n\n\n<p> Le Reiki est \u00e9galement b\u00e9n\u00e9fique pour les animaux, pour les plantes, pour les b\u00e9b\u00e9s ou femmes enceintes et personnes en fin de vie.  Il agit \u00e9galement sur les situations, les lieux, dans tous les cas o\u00f9 l\u2019\u00e9nergie a besoin d\u2019\u00eatre amplifi\u00e9e, r\u00e9gul\u00e9e ou harmonis\u00e9e. Il se pratique en direct sur la personne ou \u00e0 distance avec l&#8217;autorisation de la personne.<\/p>\n\n\n\n<p>Le Reiki peut \u00eatre \u00e9galement enseign\u00e9 au cours de rituels <a href=\"http:\/\/dufeemains.be\/?page_id=188\"><strong>d&#8217;initiations<\/strong><\/a>.<\/p>\n\n\n\n<div class=\"wp-block-image\"><figure class=\"aligncenter\"><img loading=\"lazy\" width=\"350\" height=\"350\" src=\"http:\/\/dufeemains.be\/wp-content\/uploads\/2020\/02\/reiki-zen-1.jpg\" alt=\"\" class=\"wp-image-738\" srcset=\"https:\/\/dufeemains.be\/wp-content\/uploads\/2020\/02\/reiki-zen-1.jpg 350w, https:\/\/dufeemains.be\/wp-content\/uploads\/2020\/02\/reiki-zen-1-250x250.jpg 250w, https:\/\/dufeemains.be\/wp-content\/uploads\/2020\/02\/reiki-zen-1-100x100.jpg 100w, https:\/\/dufeemains.be\/wp-content\/uploads\/2020\/02\/reiki-zen-1-300x300.jpg 300w, https:\/\/dufeemains.be\/wp-content\/uploads\/2020\/02\/reiki-zen-1-150x150.jpg 150w\" sizes=\"(max-width: 350px) 100vw, 350px\" \/><\/figure><\/div>\n\n\n\n<p><\/p>\n\n\n\n<div class=\"wp-block-image\"><figure class=\"aligncenter size-large\"><img loading=\"lazy\" width=\"1024\" height=\"301\" src=\"http:\/\/dufeemains.be\/wp-content\/uploads\/2020\/03\/citation-reiki-ok2-1024x301.jpg\" alt=\"\" class=\"wp-image-1017\" srcset=\"https:\/\/dufeemains.be\/wp-content\/uploads\/2020\/03\/citation-reiki-ok2-1024x301.jpg 1024w, https:\/\/dufeemains.be\/wp-content\/uploads\/2020\/03\/citation-reiki-ok2-300x88.jpg 300w, https:\/\/dufeemains.be\/wp-content\/uploads\/2020\/03\/citation-reiki-ok2-768x226.jpg 768w, https:\/\/dufeemains.be\/wp-content\/uploads\/2020\/03\/citation-reiki-ok2-350x103.jpg 350w, https:\/\/dufeemains.be\/wp-content\/uploads\/2020\/03\/citation-reiki-ok2.jpg 1171w\" sizes=\"(max-width: 767px) 89vw, (max-width: 1000px) 54vw, (max-width: 1071px) 543px, 580px\" \/><\/figure><\/div>\n\n\n\n<p><\/p>\n\n\n\n<p class=\"has-text-align-center has-small-font-size\"><em>De toute mani\u00e8re, qu&#8217;il soit en direct ou \u00e0 distance, un soin Reiki est sain et sans effet secondaire.  Toutefois, le praticien Reiki ne pose aucun diagnostic. <\/em>                                                            <em>Les soins \u00e9nerg\u00e9tiques ne remplacent pas un suivi m\u00e9dical.<br> Nous vous conseillons toujours de poursuivre le traitement prescrit par votre m\u00e9decin.<\/em><\/p>\n","protected":false},"excerpt":{"rendered":"<p>M\u00eame si on impose les mains depuis l&#8217;Antiquit\u00e9, le Reiki Usui est n\u00e9 au Japon dans les ann\u00e9es 1900 et a \u00e9t\u00e9 transmis par Mikao Usui Par le biais de &hellip; <\/p>\n<p class=\"link-more\"><a href=\"https:\/\/dufeemains.be\/?page_id=186\" class=\"more-link\">Continue reading<span class=\"screen-reader-text\"> &#8220;Reiki, \u00e9nergie universelle&#8221;<\/span><\/a><\/p>\n","protected":false},"author":1,"featured_media":0,"parent":0,"menu_order":0,"comment_status":"closed","ping_status":"closed","template":"","meta":[],"_links":{"self":[{"href":"https:\/\/dufeemains.be\/index.php?rest_route=\/wp\/v2\/pages\/186"}],"collection":[{"href":"https:\/\/dufeemains.be\/index.php?rest_route=\/wp\/v2\/pages"}],"about":[{"href":"https:\/\/dufeemains.be\/index.php?rest_route=\/wp\/v2\/types\/page"}],"author":[{"embeddable":true,"href":"https:\/\/dufeemains.be\/index.php?rest_route=\/wp\/v2\/users\/1"}],"replies":[{"embeddable":true,"href":"https:\/\/dufeemains.be\/index.php?rest_route=%2Fwp%2Fv2%2Fcomments&post=186"}],"version-history":[{"count":10,"href":"https:\/\/dufeemains.be\/index.php?rest_route=\/wp\/v2\/pages\/186\/revisions"}],"predecessor-version":[{"id":1141,"href":"https:\/\/dufeemains.be\/index.php?rest_route=\/wp\/v2\/pages\/186\/revisions\/1141"}],"wp:attachment":[{"href":"https:\/\/dufeemains.be\/index.php?rest_route=%2Fwp%2Fv2%2Fmedia&parent=186"}],"curies":[{"name":"wp","href":"https:\/\/api.w.org\/{rel}","templated":true}]}}